{"id":111,"date":"2021-01-22T19:03:03","date_gmt":"2021-01-22T19:03:03","guid":{"rendered":"https:\/\/divibanoscolombia.com\/php\/?page_id=111"},"modified":"2021-02-02T22:59:02","modified_gmt":"2021-02-02T22:59:02","slug":"corporativo","status":"publish","type":"page","link":"https:\/\/divibanoscolombia.com\/php\/corporativo\/","title":{"rendered":"Corporativo"},"content":{"rendered":"<p>[et_pb_section fb_built=\u00bb1&#8243; custom_padding_last_edited=\u00bboff|desktop\u00bb admin_label=\u00bbAbout Me\u00bb _builder_version=\u00bb4.8.1&#8243; background_color_gradient_direction=\u00bb90deg\u00bb background_enable_image=\u00bboff\u00bb background_size=\u00bbinitial\u00bb background_position=\u00bbtop_left\u00bb background_repeat=\u00bbrepeat\u00bb custom_margin=\u00bb|||\u00bb custom_padding=\u00bb0px||0px|||\u00bb custom_padding_tablet=\u00bb0vw|||\u00bb animation_style=\u00bbslide\u00bb animation_direction=\u00bbright\u00bb animation_intensity_slide=\u00bb2%\u00bb][et_pb_row column_structure=\u00bb1_2,1_2&#8243; _builder_version=\u00bb3.25&#8243; custom_padding=\u00bb|||\u00bb][et_pb_column type=\u00bb1_2&#8243; _builder_version=\u00bb3.25&#8243; custom_padding=\u00bb|||\u00bb custom_padding_tablet=\u00bb|10%||10%||true\u00bb custom_padding_phone=\u00bb|||\u00bb custom_padding_last_edited=\u00bboff|desktop\u00bb padding_phone=\u00bb|||\u00bb padding_tablet=\u00bb|10%||10%||true\u00bb padding_last_edited=\u00bboff|desktop\u00bb custom_padding__hover=\u00bb|||\u00bb][et_pb_image src=\u00bbhttps:\/\/divibanoscolombia.com\/php\/wp-content\/uploads\/2021\/01\/corporativo-divibanos.jpg\u00bb title_text=\u00bbcorporativo-divibanos\u00bb _builder_version=\u00bb4.8.2&#8243; _module_preset=\u00bbdefault\u00bb][\/et_pb_image][\/et_pb_column][et_pb_column type=\u00bb1_2&#8243; _builder_version=\u00bb3.25&#8243; custom_padding=\u00bb|||\u00bb custom_padding_tablet=\u00bb|10%||10%\u00bb custom_padding_last_edited=\u00bboff|desktop\u00bb padding_tablet=\u00bb|10%||10%\u00bb padding_last_edited=\u00bboff|desktop\u00bb custom_padding__hover=\u00bb|||\u00bb][et_pb_text _builder_version=\u00bb4.8.2&#8243; text_font=\u00bb||||||||\u00bb text_line_height=\u00bb2em\u00bb header_font=\u00bb||||||||\u00bb header_2_font=\u00bb|600||on|||||\u00bb header_2_line_height=\u00bb1.5em\u00bb header_4_font=\u00bb||||||||\u00bb custom_margin=\u00bb|||\u00bb hover_enabled=\u00bb0&#8243; sticky_enabled=\u00bb0&#8243;]<\/p>\n<h2>DIVIBA\u00d1OS COLOMBIA<\/h2>\n<p style=\"text-align: justify;\">Se fund\u00f3 con la idea de crear una empresa, que prestara los servicios de fabricaci\u00f3n y mantenimiento de: <strong>Divisiones de ba\u00f1o, Vidrio templado, Puertas vidrieras, Ventanas de aluminio, Portones y Pasamanos, Cielos luminosos en acr\u00edlico y en sistema Drywall, Cocinas integrales, Cl\u00f3sets y muebles para lavamanos.<\/strong><\/p>\n<p>[\/et_pb_text][\/et_pb_column][\/et_pb_row][\/et_pb_section][et_pb_section fb_built=\u00bb1&#8243; custom_padding_last_edited=\u00bboff|desktop\u00bb admin_label=\u00bbAbout Me\u00bb _builder_version=\u00bb4.8.2&#8243; background_color=\u00bb#f9f9f9&#8243; background_color_gradient_direction=\u00bb90deg\u00bb background_enable_image=\u00bboff\u00bb background_size=\u00bbinitial\u00bb background_position=\u00bbtop_left\u00bb background_repeat=\u00bbrepeat\u00bb custom_margin=\u00bb|||\u00bb custom_padding=\u00bb0px||0px|||\u00bb custom_padding_tablet=\u00bb0vw|||\u00bb animation_style=\u00bbslide\u00bb animation_direction=\u00bbright\u00bb animation_intensity_slide=\u00bb2%\u00bb][et_pb_row _builder_version=\u00bb3.25&#8243; custom_padding=\u00bb|||\u00bb][et_pb_column type=\u00bb4_4&#8243; _builder_version=\u00bb3.25&#8243; custom_padding=\u00bb|||\u00bb custom_padding_tablet=\u00bb|10%||10%||true\u00bb custom_padding_phone=\u00bb|||\u00bb custom_padding_last_edited=\u00bboff|desktop\u00bb padding_phone=\u00bb|||\u00bb padding_tablet=\u00bb|10%||10%||true\u00bb padding_last_edited=\u00bboff|desktop\u00bb custom_padding__hover=\u00bb|||\u00bb][et_pb_text _builder_version=\u00bb4.8.1&#8243; text_font=\u00bb||||||||\u00bb text_line_height=\u00bb2em\u00bb header_font=\u00bb||||||||\u00bb header_2_font=\u00bb|600||on|||||\u00bb header_2_line_height=\u00bb1.5em\u00bb header_4_font=\u00bb||||||||\u00bb custom_margin=\u00bb|||\u00bb]<\/p>\n<h2>FILOSOFIA<\/h2>\n<p style=\"text-align: justify;\">Nuestra sede se encuentra ubicada en la ciudad de Medell\u00edn, en la carrera 89 # 36-59, donde para nosotros atender eficientemente todas las necesidades de nuestros clientes, tanto a nivel regional como a nivel nacional es nuestra mayor satisfacci\u00f3n; contamos con una sala de exhibici\u00f3n y \u00e1rea administrativa.<\/p>\n<p style=\"text-align: justify;\">Nuestros servicios son de alta calidad, para esto nuestra filosof\u00eda se fundamenta en el servicio al cliente y la creaci\u00f3n de productos con ACABADO PERFECTO.<\/p>\n<p>[\/et_pb_text][\/et_pb_column][\/et_pb_row][\/et_pb_section][et_pb_section fb_built=\u00bb1&#8243; admin_label=\u00bbTestimonials\u00bb _builder_version=\u00bb4.8.2&#8243; background_enable_color=\u00bboff\u00bb background_enable_image=\u00bboff\u00bb background_size=\u00bbinitial\u00bb background_position=\u00bbtop_right\u00bb background_repeat=\u00bbrepeat\u00bb custom_padding=\u00bb|||\u00bb][et_pb_row column_structure=\u00bb1_2,1_2&#8243; _builder_version=\u00bb3.25&#8243; custom_padding=\u00bb|||\u00bb animation_direction=\u00bbleft\u00bb][et_pb_column type=\u00bb1_2&#8243; _builder_version=\u00bb3.25&#8243; custom_padding=\u00bb|||\u00bb custom_padding__hover=\u00bb|||\u00bb][et_pb_image src=\u00bbhttps:\/\/divibanoscolombia.com\/php\/wp-content\/uploads\/2021\/01\/carro.jpg\u00bb title_text=\u00bbcarro\u00bb align_tablet=\u00bbcenter\u00bb align_phone=\u00bb\u00bb align_last_edited=\u00bbon|desktop\u00bb _builder_version=\u00bb4.8.1&#8243; custom_margin=\u00bb||0px|\u00bb animation_style=\u00bbfold\u00bb animation_direction=\u00bbright\u00bb animation_intensity_fold=\u00bb10%\u00bb][\/et_pb_image][\/et_pb_column][et_pb_column type=\u00bb1_2&#8243; _builder_version=\u00bb3.25&#8243; custom_padding=\u00bb|||\u00bb custom_padding__hover=\u00bb|||\u00bb][et_pb_text _builder_version=\u00bb4.8.2&#8243; text_font=\u00bb||||||||\u00bb text_font_size=\u00bb18px\u00bb text_line_height=\u00bb1.8em\u00bb header_font=\u00bb||||||||\u00bb header_4_font=\u00bb||||||||\u00bb background_color=\u00bb#f9f6f5&#8243; custom_margin=\u00bb100px|||-160px\u00bb custom_margin_tablet=\u00bb-100px|40px||40px||true\u00bb custom_margin_phone=\u00bb|20px||20px||true\u00bb custom_margin_last_edited=\u00bbon|phone\u00bb custom_padding=\u00bb30px|30px|30px|30px|true|true\u00bb custom_padding_tablet=\u00bb\u00bb custom_padding_phone=\u00bb20px|20px|20px|20px|true|true\u00bb custom_padding_last_edited=\u00bbon|desktop\u00bb animation_style=\u00bbslide\u00bb animation_direction=\u00bbright\u00bb animation_intensity_slide=\u00bb4%\u00bb animation_starting_opacity=\u00bb100%\u00bb text_font_size_tablet=\u00bb\u00bb text_font_size_phone=\u00bb15px\u00bb text_font_size_last_edited=\u00bbon|desktop\u00bb]<\/p>\n<h3 style=\"text-align: justify;\"><strong>MISI\u00d3N<\/strong><\/h3>\n<p style=\"text-align: justify;\"><strong>DIVIBA\u00d1OS COLOMBIA<\/strong><span>, tiene como objetivo el\u00a0<\/span><strong>ACABADO PERFECTO<\/strong><span>; de esta manera ofrecemos un excelente y variado portafolio de servicios y productos con el fin de satisfacer todas las necesidades de nuestros clientes y que seamos recomendados ampliamente.<\/span><\/p>\n<p>[\/et_pb_text][\/et_pb_column][\/et_pb_row][et_pb_row column_structure=\u00bb1_2,1_2&#8243; _builder_version=\u00bb4.8.1&#8243; custom_padding=\u00bb|||\u00bb animation_direction=\u00bbleft\u00bb][et_pb_column type=\u00bb1_2&#8243; _builder_version=\u00bb3.25&#8243; custom_padding=\u00bb|||\u00bb custom_padding__hover=\u00bb|||\u00bb][et_pb_image src=\u00bbhttps:\/\/divibanoscolombia.com\/php\/wp-content\/uploads\/2021\/01\/mantenimiento-postventa.jpg\u00bb title_text=\u00bbmantenimiento-postventa\u00bb align_tablet=\u00bbcenter\u00bb align_phone=\u00bb\u00bb align_last_edited=\u00bbon|desktop\u00bb _builder_version=\u00bb4.8.1&#8243; custom_margin=\u00bb||0px|\u00bb animation_style=\u00bbfold\u00bb animation_direction=\u00bbright\u00bb animation_intensity_fold=\u00bb10%\u00bb][\/et_pb_image][\/et_pb_column][et_pb_column type=\u00bb1_2&#8243; _builder_version=\u00bb3.25&#8243; custom_padding=\u00bb|||\u00bb custom_padding__hover=\u00bb|||\u00bb][et_pb_text _builder_version=\u00bb4.8.2&#8243; text_font=\u00bb||||||||\u00bb text_font_size=\u00bb18px\u00bb text_line_height=\u00bb1.8em\u00bb header_font=\u00bb||||||||\u00bb header_4_font=\u00bb||||||||\u00bb background_color=\u00bb#f9f6f5&#8243; custom_margin=\u00bb100px|||-160px\u00bb custom_margin_tablet=\u00bb-100px|40px||40px||true\u00bb custom_margin_phone=\u00bb|20px||20px||true\u00bb custom_margin_last_edited=\u00bbon|phone\u00bb custom_padding=\u00bb30px|30px|30px|30px|true|true\u00bb custom_padding_tablet=\u00bb\u00bb custom_padding_phone=\u00bb20px|20px|20px|20px|true|true\u00bb custom_padding_last_edited=\u00bbon|desktop\u00bb animation_style=\u00bbslide\u00bb animation_direction=\u00bbright\u00bb animation_intensity_slide=\u00bb4%\u00bb animation_starting_opacity=\u00bb100%\u00bb text_font_size_tablet=\u00bb\u00bb text_font_size_phone=\u00bb15px\u00bb text_font_size_last_edited=\u00bbon|desktop\u00bb]<\/p>\n<h3><strong>VISI\u00d3N<\/strong><\/h3>\n<p style=\"text-align: justify;\">Conscientes de nuestra labor y teniendo dentro de nuestros servicios un excelente portafolio de productos esperamos tener un crecimiento r\u00e1pido dentro de nuestro segmento de mercado, cumpliendo as\u00ed con nuestras proyecciones esperadas y un liderazgo de mercado para los a\u00f1os siguientes.<\/p>\n<p>[\/et_pb_text][\/et_pb_column][\/et_pb_row][\/et_pb_section]<\/p>\n","protected":false},"excerpt":{"rendered":"<p>DIVIBA\u00d1OS COLOMBIA Se fund\u00f3 con la idea de crear una empresa, que prestara los servicios de fabricaci\u00f3n y mantenimiento de: Divisiones de ba\u00f1o, Vidrio templado, Puertas vidrieras, Ventanas de aluminio, Portones y Pasamanos, Cielos luminosos en acr\u00edlico y en sistema Drywall, Cocinas integrales, Cl\u00f3sets y muebles para lavamanos.FILOSOFIA Nuestra sede se encuentra ubicada en la [&hellip;]<\/p>\n","protected":false},"author":1,"featured_media":0,"parent":0,"menu_order":0,"comment_status":"closed","ping_status":"closed","template":"","meta":{"_et_pb_use_builder":"on","_et_pb_old_content":"","_et_gb_content_width":"","footnotes":""},"class_list":["post-111","page","type-page","status-publish","hentry"],"_links":{"self":[{"href":"https:\/\/divibanoscolombia.com\/php\/wp-json\/wp\/v2\/pages\/111","targetHints":{"allow":["GET"]}}],"collection":[{"href":"https:\/\/divibanoscolombia.com\/php\/wp-json\/wp\/v2\/pages"}],"about":[{"href":"https:\/\/divibanoscolombia.com\/php\/wp-json\/wp\/v2\/types\/page"}],"author":[{"embeddable":true,"href":"https:\/\/divibanoscolombia.com\/php\/wp-json\/wp\/v2\/users\/1"}],"replies":[{"embeddable":true,"href":"https:\/\/divibanoscolombia.com\/php\/wp-json\/wp\/v2\/comments?post=111"}],"version-history":[{"count":8,"href":"https:\/\/divibanoscolombia.com\/php\/wp-json\/wp\/v2\/pages\/111\/revisions"}],"predecessor-version":[{"id":1553,"href":"https:\/\/divibanoscolombia.com\/php\/wp-json\/wp\/v2\/pages\/111\/revisions\/1553"}],"wp:attachment":[{"href":"https:\/\/divibanoscolombia.com\/php\/wp-json\/wp\/v2\/media?parent=111"}],"curies":[{"name":"wp","href":"https:\/\/api.w.org\/{rel}","templated":true}]}}